{"id":969,"date":"2025-12-07T13:35:01","date_gmt":"2025-12-07T12:35:01","guid":{"rendered":"https:\/\/akcnejc.cz\/?page_id=969"},"modified":"2025-12-07T13:36:00","modified_gmt":"2025-12-07T12:36:00","slug":"dokumenty","status":"publish","type":"page","link":"https:\/\/akcnejc.cz\/index.php\/dokumenty\/","title":{"rendered":"Dokumenty"},"content":{"rendered":"\n<h2 class=\"wp-block-heading has-text-align-center\">Moment\u00e1ln\u011b p\u0159ipravujeme<\/h2>\n","protected":false},"excerpt":{"rendered":"<p>Moment\u00e1ln\u011b p\u0159ipravujeme<\/p>\n","protected":false},"author":1,"featured_media":0,"parent":0,"menu_order":0,"comment_status":"closed","ping_status":"closed","template":"","meta":{"footnotes":""},"class_list":["post-969","page","type-page","status-publish","hentry"],"_links":{"self":[{"href":"https:\/\/akcnejc.cz\/index.php\/wp-json\/wp\/v2\/pages\/969","targetHints":{"allow":["GET"]}}],"collection":[{"href":"https:\/\/akcnejc.cz\/index.php\/wp-json\/wp\/v2\/pages"}],"about":[{"href":"https:\/\/akcnejc.cz\/index.php\/wp-json\/wp\/v2\/types\/page"}],"author":[{"embeddable":true,"href":"https:\/\/akcnejc.cz\/index.php\/wp-json\/wp\/v2\/users\/1"}],"replies":[{"embeddable":true,"href":"https:\/\/akcnejc.cz\/index.php\/wp-json\/wp\/v2\/comments?post=969"}],"version-history":[{"count":2,"href":"https:\/\/akcnejc.cz\/index.php\/wp-json\/wp\/v2\/pages\/969\/revisions"}],"predecessor-version":[{"id":973,"href":"https:\/\/akcnejc.cz\/index.php\/wp-json\/wp\/v2\/pages\/969\/revisions\/973"}],"wp:attachment":[{"href":"https:\/\/akcnejc.cz\/index.php\/wp-json\/wp\/v2\/media?parent=969"}],"curies":[{"name":"wp","href":"https:\/\/api.w.org\/{rel}","templated":true}]}}