{"id":224,"date":"2025-12-06T12:31:01","date_gmt":"2025-12-06T11:31:01","guid":{"rendered":"https:\/\/akcnejc.cz\/?page_id=224"},"modified":"2026-04-08T16:47:47","modified_gmt":"2026-04-08T14:47:47","slug":"online-prihlaska-ldt","status":"publish","type":"page","link":"https:\/\/akcnejc.cz\/index.php\/online-prihlaska-ldt\/","title":{"rendered":"Online p\u0159ihl\u00e1\u0161ka"},"content":{"rendered":"\n<h3 class=\"wp-block-heading has-text-align-center\">Aktu\u00e1ln\u011b nem\u00e1me \u017e\u00e1dn\u00e1 voln\u00e1 m\u00edsta.<\/h3>\n\n\n\n<div style=\"height:44px\" aria-hidden=\"true\" class=\"wp-block-spacer\"><\/div>\n\n\n\n<p><strong>Organiz\u00e1to\u0159i<\/strong>: Sarah \u0160edov\u00e1, Ladislav Kubou\u0161ek, Jaroslav Hru\u0161ka<\/p>\n\n\n\n<p><strong>Kontakt<\/strong>: e-mail: ldtsumik@gmail.com&nbsp;&nbsp;&nbsp;&nbsp;&nbsp;&nbsp;&nbsp;&nbsp;&nbsp;&nbsp;&nbsp;&nbsp;&nbsp;&nbsp;&nbsp;&nbsp; Sarah \u0160edov\u00e1 &#8211; tel. \u010d\u00edslo: 604&nbsp;652&nbsp;138, Ladislav Kubou\u0161ek &#8211; tel. \u010d\u00edslo: 604&nbsp;733 715<\/p>\n\n\n\n<p><strong>Bankovn\u00ed spojen\u00ed<\/strong>: 000000\u20131030873253\/5500 (nutno uv\u00e9st jm\u00e9no d\u00edt\u011bte ve zpr\u00e1v\u011b pro p\u0159\u00edjemce!)<\/p>\n\n\n\n<p><strong>M\u00edsto kon\u00e1n\u00ed<\/strong>: Rekrea\u010dn\u00ed are\u00e1l Bukov\u00e1 na \u00fapat\u00ed Novohradsk\u00fdch hor, cca 2 km od Bukov\u00e9 v lese na b\u0159ehu rybn\u00edka.<\/p>\n\n\n\n<p><strong>Term<\/strong><strong>\u00edn kon\u00e1n\u00ed<\/strong>: 9.-16.8.2026<\/p>\n\n\n\n<p><strong>Cena<\/strong>: 8 000, &#8211;<\/p>\n\n\n\n<p><strong>Doprava<\/strong>: individu\u00e1ln\u00ed \u2013 ka\u017ed\u00fd rodi\u010d p\u0159ed\u00e1 d\u00edt\u011b na m\u00edst\u011b kon\u00e1n\u00ed a n\u00e1sledn\u011b si jej p\u0159evezme na m\u00edst\u011b kon\u00e1n\u00ed. P\u0159esn\u00fd datum a \u010das p\u0159ijmut\u00ed a vyzvednut\u00ed bude up\u0159esn\u011bn.<\/p>\n\n\n\n<h4 class=\"wp-block-heading has-text-align-center\"><br><strong>T\u00e1bor mus\u00ed b\u00fdt zcela uhrazen nejpozd\u011bji do 15. \u010dervna 2026.<\/strong><\/h4>\n\n\n\n<div style=\"height:100px\" aria-hidden=\"true\" class=\"wp-block-spacer\"><\/div>\n\n\n\n<h3 class=\"wp-block-heading has-text-align-center\">Storno poplatky<\/h3>\n\n\n\n<p class=\"has-text-align-center\">Jestli\u017ee se \u00fa\u010dastn\u00edk z jak\u00fdchkoliv d\u016fvod\u016f t\u00e1bora nez\u00fa\u010dastn\u00ed, mus\u00ed si za sebe naj\u00edt n\u00e1hradu nebo zaplatit storno poplatek<\/p>\n\n\n\n<p class=\"has-text-align-center\">* Po 1.6. vrac\u00edme 75% ceny<\/p>\n\n\n\n<p class=\"has-text-align-center\">* Po 1.7. vrac\u00edme 50% ceny<\/p>\n\n\n\n<p class=\"has-text-align-center\">* Po 1.8. vrac\u00edme 15% ceny<\/p>\n\n\n<div id=\"rnef_69f28c3badc6c\" class=\"RNEasyFormContainer\" data-varid=\"69f28c3badc6c\"><\/div>\n","protected":false},"excerpt":{"rendered":"<p>Aktu\u00e1ln\u011b nem\u00e1me \u017e\u00e1dn\u00e1 voln\u00e1 m\u00edsta. Organiz\u00e1to\u0159i: Sarah \u0160edov\u00e1, Ladislav Kubou\u0161ek, Jaroslav Hru\u0161ka Kontakt: e-mail: ldtsumik@gmail.com&nbsp;&nbsp;&nbsp;&nbsp;&nbsp;&nbsp;&nbsp;&nbsp;&nbsp;&nbsp;&nbsp;&nbsp;&nbsp;&nbsp;&nbsp;&nbsp; Sarah \u0160edov\u00e1 &#8211; tel. \u010d\u00edslo: 604&nbsp;652&nbsp;138, Ladislav Kubou\u0161ek &#8211; tel. \u010d\u00edslo: 604&nbsp;733 715 Bankovn\u00ed spojen\u00ed: 000000\u20131030873253\/5500 (nutno uv\u00e9st jm\u00e9no d\u00edt\u011bte ve zpr\u00e1v\u011b pro p\u0159\u00edjemce!) M\u00edsto kon\u00e1n\u00ed: Rekrea\u010dn\u00ed are\u00e1l Bukov\u00e1 na \u00fapat\u00ed Novohradsk\u00fdch hor, cca 2 km od Bukov\u00e9 v lese [&hellip;]<\/p>\n","protected":false},"author":1,"featured_media":0,"parent":0,"menu_order":0,"comment_status":"closed","ping_status":"closed","template":"","meta":{"footnotes":""},"class_list":["post-224","page","type-page","status-publish","hentry"],"_links":{"self":[{"href":"https:\/\/akcnejc.cz\/index.php\/wp-json\/wp\/v2\/pages\/224","targetHints":{"allow":["GET"]}}],"collection":[{"href":"https:\/\/akcnejc.cz\/index.php\/wp-json\/wp\/v2\/pages"}],"about":[{"href":"https:\/\/akcnejc.cz\/index.php\/wp-json\/wp\/v2\/types\/page"}],"author":[{"embeddable":true,"href":"https:\/\/akcnejc.cz\/index.php\/wp-json\/wp\/v2\/users\/1"}],"replies":[{"embeddable":true,"href":"https:\/\/akcnejc.cz\/index.php\/wp-json\/wp\/v2\/comments?post=224"}],"version-history":[{"count":16,"href":"https:\/\/akcnejc.cz\/index.php\/wp-json\/wp\/v2\/pages\/224\/revisions"}],"predecessor-version":[{"id":1166,"href":"https:\/\/akcnejc.cz\/index.php\/wp-json\/wp\/v2\/pages\/224\/revisions\/1166"}],"wp:attachment":[{"href":"https:\/\/akcnejc.cz\/index.php\/wp-json\/wp\/v2\/media?parent=224"}],"curies":[{"name":"wp","href":"https:\/\/api.w.org\/{rel}","templated":true}]}}