{"id":139,"date":"2025-12-04T14:53:07","date_gmt":"2025-12-04T13:53:07","guid":{"rendered":"https:\/\/akcnejc.cz\/?page_id=139"},"modified":"2025-12-07T12:56:42","modified_gmt":"2025-12-07T11:56:42","slug":"saan","status":"publish","type":"page","link":"https:\/\/akcnejc.cz\/index.php\/saan\/","title":{"rendered":"Saan"},"content":{"rendered":"\n<div class=\"wp-block-media-text has-media-on-the-right is-stacked-on-mobile\"><div class=\"wp-block-media-text__content\">\n<h2 class=\"wp-block-heading\"><strong>Volno\u010dasov\u00e9 programy pro d\u011bti i dosp\u011bl\u00e9, rozlu\u010dky se svobodou a teambuildingy na m\u00edru.<\/strong><\/h2>\n\n\n\n<p>Poskytujeme origin\u00e1ln\u00ed volno\u010dasov\u00e9 programy a z\u00e1\u017eitkov\u00e9 akce, jejich\u017e c\u00edlem je \u2014 mal\u00e1 zm\u011bna perspektivy, hodn\u011b z\u00e1bavy a spoustu nov\u00fdch vzpom\u00ednek. <a href=\"https:\/\/www.saancb.cz\/en\/?utm_source=chatgpt.com\" target=\"_blank\" rel=\"noreferrer noopener\"><\/a><\/p>\n\n\n\n<p><strong>V\u00edce informac\u00ed naleznete na ofici\u00e1ln\u00edch webov\u00fdch str\u00e1nk\u00e1ch.<\/strong><\/p>\n<\/div><figure class=\"wp-block-media-text__media\"><img loading=\"lazy\" decoding=\"async\" width=\"768\" height=\"1024\" src=\"https:\/\/akcnejc.cz\/wp-content\/uploads\/2025\/12\/IMG_6335-scaled-e1765108475693-768x1024.jpeg\" alt=\"\" class=\"wp-image-964 size-full\" srcset=\"https:\/\/akcnejc.cz\/wp-content\/uploads\/2025\/12\/IMG_6335-scaled-e1765108475693-768x1024.jpeg 768w, https:\/\/akcnejc.cz\/wp-content\/uploads\/2025\/12\/IMG_6335-scaled-e1765108475693-225x300.jpeg 225w, https:\/\/akcnejc.cz\/wp-content\/uploads\/2025\/12\/IMG_6335-scaled-e1765108475693-1152x1536.jpeg 1152w, https:\/\/akcnejc.cz\/wp-content\/uploads\/2025\/12\/IMG_6335-scaled-e1765108475693-1536x2048.jpeg 1536w, https:\/\/akcnejc.cz\/wp-content\/uploads\/2025\/12\/IMG_6335-scaled-e1765108475693.jpeg 1920w\" sizes=\"auto, (max-width: 768px) 100vw, 768px\" \/><\/figure><\/div>\n\n\n\n<p class=\"has-text-align-center\"><\/p>\n\n\n\n<div class=\"wp-block-buttons is-content-justification-center is-layout-flex wp-container-core-buttons-is-layout-a89b3969 wp-block-buttons-is-layout-flex\">\n<div class=\"wp-block-button\"><a class=\"wp-block-button__link wp-element-button\" href=\"https:\/\/www.saancb.cz\/\" target=\"_blank\" rel=\"noreferrer noopener\">P\u0159ej\u00edt na ofici\u00e1ln\u00ed str\u00e1nky<\/a><\/div>\n<\/div>\n","protected":false},"excerpt":{"rendered":"<p>Volno\u010dasov\u00e9 programy pro d\u011bti i dosp\u011bl\u00e9, rozlu\u010dky se svobodou a teambuildingy na m\u00edru. Poskytujeme origin\u00e1ln\u00ed volno\u010dasov\u00e9 programy a z\u00e1\u017eitkov\u00e9 akce, jejich\u017e c\u00edlem je \u2014 mal\u00e1 zm\u011bna perspektivy, hodn\u011b z\u00e1bavy a spoustu nov\u00fdch vzpom\u00ednek. V\u00edce informac\u00ed naleznete na ofici\u00e1ln\u00edch webov\u00fdch str\u00e1nk\u00e1ch.<\/p>\n","protected":false},"author":1,"featured_media":0,"parent":0,"menu_order":0,"comment_status":"closed","ping_status":"closed","template":"","meta":{"footnotes":""},"class_list":["post-139","page","type-page","status-publish","hentry"],"_links":{"self":[{"href":"https:\/\/akcnejc.cz\/index.php\/wp-json\/wp\/v2\/pages\/139","targetHints":{"allow":["GET"]}}],"collection":[{"href":"https:\/\/akcnejc.cz\/index.php\/wp-json\/wp\/v2\/pages"}],"about":[{"href":"https:\/\/akcnejc.cz\/index.php\/wp-json\/wp\/v2\/types\/page"}],"author":[{"embeddable":true,"href":"https:\/\/akcnejc.cz\/index.php\/wp-json\/wp\/v2\/users\/1"}],"replies":[{"embeddable":true,"href":"https:\/\/akcnejc.cz\/index.php\/wp-json\/wp\/v2\/comments?post=139"}],"version-history":[{"count":4,"href":"https:\/\/akcnejc.cz\/index.php\/wp-json\/wp\/v2\/pages\/139\/revisions"}],"predecessor-version":[{"id":966,"href":"https:\/\/akcnejc.cz\/index.php\/wp-json\/wp\/v2\/pages\/139\/revisions\/966"}],"wp:attachment":[{"href":"https:\/\/akcnejc.cz\/index.php\/wp-json\/wp\/v2\/media?parent=139"}],"curies":[{"name":"wp","href":"https:\/\/api.w.org\/{rel}","templated":true}]}}