{"id":134,"date":"2025-12-04T14:48:18","date_gmt":"2025-12-04T13:48:18","guid":{"rendered":"https:\/\/akcnejc.cz\/?page_id=134"},"modified":"2026-01-16T14:41:31","modified_gmt":"2026-01-16T13:41:31","slug":"sumaman","status":"publish","type":"page","link":"https:\/\/akcnejc.cz\/index.php\/sumaman\/","title":{"rendered":"\u0160umaman"},"content":{"rendered":"\n<div class=\"wp-block-media-text has-media-on-the-right is-stacked-on-mobile\"><div class=\"wp-block-media-text__content\">\n<h2 class=\"wp-block-heading\"><strong>Adrenalinov\u00fd z\u00e1vod &amp; z\u00e1\u017eitkov\u00e1 akce pro ka\u017ed\u00e9ho<\/strong><\/h2>\n\n\n\n<p>\u0160umaman je extr\u00e9mn\u00ed celorepublikov\u00fd z\u00e1vod z\u00e1sahov\u00fdch jednotek. Akce se kon\u00e1 pod z\u00e1\u0161titou policejn\u00edho prezidenta genmjr. Mgr. Martina Vondr\u00e1\u0161ka&nbsp;a hejtmana Jiho\u010desk\u00e9ho kraje MUDr. Martina Kuby.<\/p>\n\n\n\n<p><\/p>\n\n\n\n<p>P\u0159ij\u010fte se pod\u00edvat na elitn\u00ed t\u00fdmy z cel\u00e9 \u010cesk\u00e9 Republiky nebo si zaz\u00e1vodit v d\u011btsk\u00e9m z\u00e1vod\u011b \u0160umaman Junior.<\/p>\n\n\n\n<p><strong>V\u00edce informac\u00ed naleznete na ofici\u00e1ln\u00edch webov\u00fdch str\u00e1nk\u00e1ch.<\/strong><\/p>\n<\/div><figure class=\"wp-block-media-text__media\"><img loading=\"lazy\" decoding=\"async\" width=\"768\" height=\"1024\" src=\"https:\/\/akcnejc.cz\/wp-content\/uploads\/2025\/12\/sumaman2-768x1024-1.jpg\" alt=\"\" class=\"wp-image-955 size-full\" srcset=\"https:\/\/akcnejc.cz\/wp-content\/uploads\/2025\/12\/sumaman2-768x1024-1.jpg 768w, https:\/\/akcnejc.cz\/wp-content\/uploads\/2025\/12\/sumaman2-768x1024-1-225x300.jpg 225w\" sizes=\"auto, (max-width: 768px) 100vw, 768px\" \/><\/figure><\/div>\n\n\n\n<p class=\"has-text-align-center\"><\/p>\n\n\n\n<div class=\"wp-block-buttons is-content-justification-center is-layout-flex wp-container-core-buttons-is-layout-a89b3969 wp-block-buttons-is-layout-flex\">\n<div class=\"wp-block-button\"><a class=\"wp-block-button__link wp-element-button\" href=\"https:\/\/www.sumaman.cz\/\" target=\"_blank\" rel=\"noreferrer noopener\">P\u0159ej\u00edt na ofici\u00e1ln\u00ed str\u00e1nky<\/a><\/div>\n<\/div>\n\n\n\n<p><\/p>\n","protected":false},"excerpt":{"rendered":"<p>Adrenalinov\u00fd z\u00e1vod &amp; z\u00e1\u017eitkov\u00e1 akce pro ka\u017ed\u00e9ho \u0160umaman je extr\u00e9mn\u00ed celorepublikov\u00fd z\u00e1vod z\u00e1sahov\u00fdch jednotek. Akce se kon\u00e1 pod z\u00e1\u0161titou policejn\u00edho prezidenta genmjr. Mgr. Martina Vondr\u00e1\u0161ka&nbsp;a hejtmana Jiho\u010desk\u00e9ho kraje MUDr. Martina Kuby. P\u0159ij\u010fte se pod\u00edvat na elitn\u00ed t\u00fdmy z cel\u00e9 \u010cesk\u00e9 Republiky nebo si zaz\u00e1vodit v d\u011btsk\u00e9m z\u00e1vod\u011b \u0160umaman Junior. V\u00edce informac\u00ed naleznete na ofici\u00e1ln\u00edch webov\u00fdch [&hellip;]<\/p>\n","protected":false},"author":1,"featured_media":136,"parent":0,"menu_order":0,"comment_status":"closed","ping_status":"closed","template":"","meta":{"footnotes":""},"class_list":["post-134","page","type-page","status-publish","has-post-thumbnail","hentry"],"_links":{"self":[{"href":"https:\/\/akcnejc.cz\/index.php\/wp-json\/wp\/v2\/pages\/134","targetHints":{"allow":["GET"]}}],"collection":[{"href":"https:\/\/akcnejc.cz\/index.php\/wp-json\/wp\/v2\/pages"}],"about":[{"href":"https:\/\/akcnejc.cz\/index.php\/wp-json\/wp\/v2\/types\/page"}],"author":[{"embeddable":true,"href":"https:\/\/akcnejc.cz\/index.php\/wp-json\/wp\/v2\/users\/1"}],"replies":[{"embeddable":true,"href":"https:\/\/akcnejc.cz\/index.php\/wp-json\/wp\/v2\/comments?post=134"}],"version-history":[{"count":7,"href":"https:\/\/akcnejc.cz\/index.php\/wp-json\/wp\/v2\/pages\/134\/revisions"}],"predecessor-version":[{"id":1109,"href":"https:\/\/akcnejc.cz\/index.php\/wp-json\/wp\/v2\/pages\/134\/revisions\/1109"}],"wp:featuredmedia":[{"embeddable":true,"href":"https:\/\/akcnejc.cz\/index.php\/wp-json\/wp\/v2\/media\/136"}],"wp:attachment":[{"href":"https:\/\/akcnejc.cz\/index.php\/wp-json\/wp\/v2\/media?parent=134"}],"curies":[{"name":"wp","href":"https:\/\/api.w.org\/{rel}","templated":true}]}}

Šumaman

<div class="wp-block-media-text has-media-on-the-right is-stacked-on-mobile"><div class="wp-block-media-text__content">
<h2 class="wp-block-heading"><strong>Adrenalinový závod &amp; zážitková akce pro každého</strong></h2>



<p>Šumaman je extrémní celorepublikový závod zásahových jednotek. Akce se koná pod záštitou policejního prezidenta genmjr. Mgr. Martina Vondráška&nbsp;a hejtmana Jihočeského kraje MUDr. Martina Kuby.</p>



<p></p>



<p>Přijďte se podívat na elitní týmy z celé České Republiky nebo si zazávodit v dětském závodě Šumaman Junior.</p>



<p><strong>Více informací naleznete na oficiálních webových stránkách.</strong></p>
</div><figure class="wp-block-media-text__media"><img loading="lazy" decoding="async" width="768" height="1024" src="https://akcnejc.cz/wp-content/uploads/2025/12/sumaman2-768x1024-1.jpg" alt="" class="wp-image-955 size-full" srcset="https://akcnejc.cz/wp-content/uploads/2025/12/sumaman2-768x1024-1.jpg 768w, https://akcnejc.cz/wp-content/uploads/2025/12/sumaman2-768x1024-1-225x300.jpg 225w" sizes="auto, (max-width: 768px) 100vw, 768px" /></figure></div>



<p class="has-text-align-center"></p>



<div class="wp-block-buttons is-content-justification-center is-layout-flex wp-container-core-buttons-is-layout-a89b3969 wp-block-buttons-is-layout-flex">
<div class="wp-block-button"><a class="wp-block-button__link wp-element-button" href="https://www.sumaman.cz/" target="_blank" rel="noreferrer noopener">Přejít na oficiální stránky</a></div>
</div>



<p></p>

<p>Adrenalinový závod &amp; zážitková akce pro každého Šumaman je extrémní celorepublikový závod zásahových jednotek. Akce se koná pod záštitou policejního prezidenta genmjr. Mgr. Martina Vondráška&nbsp;a hejtmana Jihočeského kraje MUDr. Martina Kuby. Přijďte se podívat na elitní týmy z celé České Republiky nebo si zazávodit v dětském závodě Šumaman Junior. Více informací naleznete na oficiálních webových [&hellip;]</p>
