{"id":128,"date":"2025-12-04T14:36:56","date_gmt":"2025-12-04T13:36:56","guid":{"rendered":"https:\/\/akcnejc.cz\/?page_id=128"},"modified":"2025-12-07T12:51:12","modified_gmt":"2025-12-07T11:51:12","slug":"lezeni-na-skp","status":"publish","type":"page","link":"https:\/\/akcnejc.cz\/index.php\/lezeni-na-skp\/","title":{"rendered":"Lezen\u00ed na SKP"},"content":{"rendered":"\n<div class=\"wp-block-media-text has-media-on-the-right is-stacked-on-mobile\"><div class=\"wp-block-media-text__content\">\n<h2 class=\"wp-block-heading\">Lezen\u00ed na um\u011bl\u00e9 st\u011bn\u011b \u2013 pro d\u011bti i dosp\u011bl\u00e9<\/h2>\n\n\n\n<p>Objev radost z pohybu, p\u0159ekonej sv\u00e9 hranice a za\u017eij lezeck\u00e9 dobrodru\u017estv\u00ed \u2014 bezpe\u010dn\u011b, s kvalitn\u00edm ji\u0161t\u011bn\u00edm a zku\u0161en\u00fdmi instruktory.<\/p>\n\n\n\n<h3 class=\"wp-block-heading\">Co nab\u00edz\u00edme<\/h3>\n\n\n\n<ul class=\"wp-block-list\">\n<li><strong>Lekce a voln\u00e9 lezen\u00ed<\/strong> \u2013 vhodn\u00e9 pro za\u010d\u00e1te\u010dn\u00edky i pokro\u010dil\u00e9. Nau\u010d\u00edme z\u00e1klady ji\u0161t\u011bn\u00ed, techniku lezen\u00ed i bezpe\u010dn\u00e9 z\u00e1sady.<\/li>\n\n\n\n<li><strong>Kurzy pro d\u011bti i dosp\u011bl\u00e9<\/strong> \u2013 ide\u00e1ln\u00ed, pokud s lezen\u00edm za\u010d\u00edn\u00e1\u0161. V\u0161ichni \u00fa\u010dastn\u00edci dostanou pot\u0159ebn\u00e9 vybaven\u00ed, nen\u00ed nutn\u00e9 vlastn\u00ed lezeck\u00e1 v\u00fdbava.<\/li>\n\n\n\n<li><strong>Pron\u00e1jem st\u011bny pro skupiny \/ teambuilding \/ \u0161koly<\/strong> \u2013 mo\u017enost domluvit term\u00edn pro v\u011bt\u0161\u00ed skupinu, individu\u00e1ln\u00ed i firemn\u00ed akce.<\/li>\n\n\n\n<li><strong>Bezpe\u010dnost a dohled<\/strong> \u2013 lezen\u00ed pod dozorem zku\u0161en\u00e9ho instruktora, dodr\u017eov\u00e1n\u00ed pravidel, jist\u00edc\u00ed materi\u00e1l schv\u00e1len\u00fd normami. <a href=\"https:\/\/www.stenahk.cz\/provozni-rad.htm?utm_source=chatgpt.com\" target=\"_blank\" rel=\"noreferrer noopener\"><\/a><\/li>\n<\/ul>\n\n\n\n<p><strong>V\u00edce informac\u00ed naleznete na ofici\u00e1ln\u00edch webov\u00fdch str\u00e1nk\u00e1ch.<\/strong><\/p>\n<\/div><figure class=\"wp-block-media-text__media\"><img loading=\"lazy\" decoding=\"async\" width=\"768\" height=\"1024\" src=\"https:\/\/akcnejc.cz\/wp-content\/uploads\/2025\/12\/IMG_9759-scaled-e1765107553202-768x1024.jpeg\" alt=\"\" class=\"wp-image-953 size-full\" srcset=\"https:\/\/akcnejc.cz\/wp-content\/uploads\/2025\/12\/IMG_9759-scaled-e1765107553202-768x1024.jpeg 768w, https:\/\/akcnejc.cz\/wp-content\/uploads\/2025\/12\/IMG_9759-scaled-e1765107553202-225x300.jpeg 225w, https:\/\/akcnejc.cz\/wp-content\/uploads\/2025\/12\/IMG_9759-scaled-e1765107553202-1152x1536.jpeg 1152w, https:\/\/akcnejc.cz\/wp-content\/uploads\/2025\/12\/IMG_9759-scaled-e1765107553202-1536x2048.jpeg 1536w, https:\/\/akcnejc.cz\/wp-content\/uploads\/2025\/12\/IMG_9759-scaled-e1765107553202.jpeg 1920w\" sizes=\"auto, (max-width: 768px) 100vw, 768px\" \/><\/figure><\/div>\n\n\n\n<p class=\"has-text-align-center\">Adresa: Jir\u00e1skovo n\u00e1b\u0159. 999\/25, 37004 \u010cesk\u00e9 Bud\u011bjovice 3<\/p>\n\n\n\n<div class=\"wp-block-buttons is-content-justification-center is-layout-flex wp-container-core-buttons-is-layout-a89b3969 wp-block-buttons-is-layout-flex\">\n<div class=\"wp-block-button\"><a class=\"wp-block-button__link wp-element-button\" href=\"https:\/\/vylezskp.cz\/\" target=\"_blank\" rel=\"noreferrer noopener\">P\u0159ej\u00edt na ofici\u00e1ln\u00ed str\u00e1nky<\/a><\/div>\n<\/div>\n\n\n\n<p><\/p>\n","protected":false},"excerpt":{"rendered":"<p>Adresa: Jir\u00e1skovo n\u00e1b\u0159. 999\/25, 37004 \u010cesk\u00e9 Bud\u011bjovice 3<\/p>\n","protected":false},"author":1,"featured_media":53,"parent":0,"menu_order":0,"comment_status":"closed","ping_status":"closed","template":"","meta":{"footnotes":""},"class_list":["post-128","page","type-page","status-publish","has-post-thumbnail","hentry"],"_links":{"self":[{"href":"https:\/\/akcnejc.cz\/index.php\/wp-json\/wp\/v2\/pages\/128","targetHints":{"allow":["GET"]}}],"collection":[{"href":"https:\/\/akcnejc.cz\/index.php\/wp-json\/wp\/v2\/pages"}],"about":[{"href":"https:\/\/akcnejc.cz\/index.php\/wp-json\/wp\/v2\/types\/page"}],"author":[{"embeddable":true,"href":"https:\/\/akcnejc.cz\/index.php\/wp-json\/wp\/v2\/users\/1"}],"replies":[{"embeddable":true,"href":"https:\/\/akcnejc.cz\/index.php\/wp-json\/wp\/v2\/comments?post=128"}],"version-history":[{"count":8,"href":"https:\/\/akcnejc.cz\/index.php\/wp-json\/wp\/v2\/pages\/128\/revisions"}],"predecessor-version":[{"id":961,"href":"https:\/\/akcnejc.cz\/index.php\/wp-json\/wp\/v2\/pages\/128\/revisions\/961"}],"wp:featuredmedia":[{"embeddable":true,"href":"https:\/\/akcnejc.cz\/index.php\/wp-json\/wp\/v2\/media\/53"}],"wp:attachment":[{"href":"https:\/\/akcnejc.cz\/index.php\/wp-json\/wp\/v2\/media?parent=128"}],"curies":[{"name":"wp","href":"https:\/\/api.w.org\/{rel}","templated":true}]}}