{"id":103,"date":"2025-12-04T13:55:29","date_gmt":"2025-12-04T12:55:29","guid":{"rendered":"https:\/\/akcnejc.cz\/?page_id=103"},"modified":"2026-04-08T16:46:49","modified_gmt":"2026-04-08T14:46:49","slug":"ldt-sumik","status":"publish","type":"page","link":"https:\/\/akcnejc.cz\/index.php\/ldt-sumik\/","title":{"rendered":"Letn\u00ed d\u011btsk\u00fd t\u00e1bor \u0160um\u00edk"},"content":{"rendered":"\n<div class=\"wp-block-media-text has-media-on-the-right is-stacked-on-mobile\"><div class=\"wp-block-media-text__content\">\n<h2 class=\"wp-block-heading\">Sportovn\u011b-z\u00e1\u017eitkov\u00fd t\u00e1bor na \u00fapat\u00ed Novohradsk\u00fdch hor<\/h2>\n\n\n\n<p>Zveme d\u011bti ve v\u011bku 8\u201315 let na nezapomenuteln\u00fd t\u00e1bor pln\u00fd pohybu, dobrodru\u017estv\u00ed a nov\u00fdch kamar\u00e1d\u016f v kr\u00e1sn\u00e9 p\u0159\u00edrod\u011b Novohradsk\u00fdch hor.<\/p>\n\n\n\n<div style=\"height:44px\" aria-hidden=\"true\" class=\"wp-block-spacer\"><\/div>\n\n\n\n<h3 class=\"wp-block-heading\">Co d\u011bti \u010dek\u00e1<\/h3>\n\n\n\n<p>T\u00e1bor je pestrou sm\u011bsic\u00ed pohybu, her, t\u00fdmov\u00fdch aktivit a z\u00e1\u017eitk\u016f \u2014 v p\u0159\u00edrod\u011b, mezi kamar\u00e1dy, s vedouc\u00edmi, kte\u0159\u00ed t\u00e1bor znaj\u00ed a v\u011bd\u00ed, jak d\u011bti zabavit a motivovat. Program je postaven tak, aby d\u011bti m\u011bly mo\u017enost za\u017e\u00edt sport, dobrodru\u017estv\u00ed, kamar\u00e1dstv\u00ed, ale i odpo\u010dinek a komfort. Nezapom\u00edn\u00e1me ani na uk\u00e1zky IZS, ka\u017edoro\u010dn\u011b n\u00e1s nav\u0161t\u00edv\u00ed Policie \u010cR, hasi\u010di a dal\u0161\u00ed slo\u017eky. <\/p>\n<\/div><figure class=\"wp-block-media-text__media\"><img loading=\"lazy\" decoding=\"async\" width=\"768\" height=\"1024\" src=\"https:\/\/akcnejc.cz\/wp-content\/uploads\/2025\/12\/2117955-1693745844-768x1024.jpg\" alt=\"\" class=\"wp-image-350 size-full\" srcset=\"https:\/\/akcnejc.cz\/wp-content\/uploads\/2025\/12\/2117955-1693745844-768x1024.jpg 768w, https:\/\/akcnejc.cz\/wp-content\/uploads\/2025\/12\/2117955-1693745844-225x300.jpg 225w, https:\/\/akcnejc.cz\/wp-content\/uploads\/2025\/12\/2117955-1693745844.jpg 1000w\" sizes=\"auto, (max-width: 768px) 100vw, 768px\" \/><\/figure><\/div>\n\n\n\n<div style=\"height:25px\" aria-hidden=\"true\" class=\"wp-block-spacer\"><\/div>\n\n\n\n<h2 class=\"wp-block-heading has-text-align-center\">Praktick\u00e9 informace<\/h2>\n\n\n\n<p><\/p>\n\n\n\n<ul class=\"wp-block-list\">\n<li><strong>Term\u00edn: <\/strong>9. &#8211; 16. 8. 2026<\/li>\n\n\n\n<li><strong>Doba trv\u00e1n\u00ed:<\/strong> 7 dn\u00ed<\/li>\n\n\n\n<li><strong>Cena:<\/strong> 8 000 K\u010d &#8211; v cen\u011b ubytov\u00e1n\u00ed, j\u00eddlo, ka\u017edodenn\u00ed program, tri\u010dko, d\u00e1rkov\u00e9 p\u0159edm\u011bty<\/li>\n\n\n\n<li><strong>Ubytov\u00e1n\u00ed a z\u00e1zem\u00ed:<\/strong> Rekrea\u010dn\u00ed are\u00e1l Bukov\u00e1 &#8211; chatky pro 4 d\u011bti, are\u00e1l s toaletami a sprchami s teplou vodou, pln\u011b vybaven\u00e1 kuchyn\u011b.<\/li>\n\n\n\n<li><strong>Kapacita:<\/strong> maxim\u00e1ln\u011b 48 d\u011bt\u00ed. <a href=\"https:\/\/akcnejc.cz\/index.php\/ldt-sumik\/\" target=\"_blank\" rel=\"noreferrer noopener\"><\/a><\/li>\n\n\n\n<li><strong>Podm\u00ednky \u00fa\u010dasti:<\/strong> v\u011bkov\u00e1 hranice 8 &#8211; 15 let, dobr\u00fd zdravotn\u00ed stav (potvrzen l\u00e9ka\u0159em), cel\u00fd pobyt d\u00edt\u011bte na t\u00e1bo\u0159e<\/li>\n<\/ul>\n\n\n\n<p class=\"has-text-align-center\"><strong>V p\u0159\u00edpad\u011b z\u00e1jmu o \u00fa\u010dast Va\u0161eho d\u00edt\u011bte na letn\u00edm d\u011btsk\u00e9m t\u00e1bo\u0159e vypl\u0148te online formul\u00e1\u0159 n\u00ed\u017ee.<\/strong><\/p>\n\n\n\n<div style=\"height:9px\" aria-hidden=\"true\" class=\"wp-block-spacer\"><\/div>\n\n\n\n<div style=\"height:1px\" aria-hidden=\"true\" class=\"wp-block-spacer\"><\/div>\n\n\n\n<h2 class=\"wp-block-heading has-text-align-center\">Jak se p\u0159ihl\u00e1sit<\/h2>\n\n\n\n<p class=\"has-text-align-center\"><strong>Pro p\u0159ihl\u00e1\u0161en\u00ed vypl\u0148te online p\u0159ihl\u00e1\u0161ku v rozcestn\u00edku n\u00ed\u017ee. <\/strong><\/p>\n\n\n\n<div style=\"height:34px\" aria-hidden=\"true\" class=\"wp-block-spacer\"><\/div>\n\n\n\n<h2 class=\"wp-block-heading has-text-align-center\">Kontakty<\/h2>\n\n\n\n<h3 class=\"wp-block-heading has-text-align-center has-base-color has-button-color-background-color has-text-color has-background has-link-color wp-elements-adbd32ec8673761d4fbea96f5e487767\" style=\"border-style:none;border-width:0px\">T\u00e1borov\u00fd mail: <a href=\"mailto:ldtsumik@gmail.com\">ldtsumik@gmail.com<\/a><\/h3>\n\n\n\n<div class=\"wp-block-columns is-layout-flex wp-container-core-columns-is-layout-28f84493 wp-block-columns-is-layout-flex\">\n<div class=\"wp-block-column is-layout-flow wp-block-column-is-layout-flow\"><\/div>\n\n\n\n<div class=\"wp-block-column is-layout-flow wp-block-column-is-layout-flow\">\n<p class=\"has-text-align-center\"><strong>Hlavn\u00ed vedouc\u00ed:<\/strong><br>Sarah \u0160edov\u00e1<br>sedovasarah@gmail.com<br>\u200b<a href=\"tel:420604652138\">+420 604 652 138<\/a><\/p>\n<\/div>\n\n\n\n<div class=\"wp-block-column is-layout-flow wp-block-column-is-layout-flow\">\n<p class=\"has-text-align-center\"><strong>Hlavn\u00ed organiz\u00e1tor:<\/strong><br>Ladislav Kubou\u0161ek<br>honda71@seznam.cz<br><a href=\"tel:604733715\">+420 604 733 715<\/a><\/p>\n<\/div>\n\n\n\n<div class=\"wp-block-column is-layout-flow wp-block-column-is-layout-flow\"><\/div>\n<\/div>\n\n\n\n<div style=\"height:37px\" aria-hidden=\"true\" class=\"wp-block-spacer\"><\/div>\n\n\n\n<figure class=\"wp-block-gallery has-nested-images columns-default is-cropped wp-block-gallery-1 is-layout-flex wp-block-gallery-is-layout-flex\">\n<figure class=\"wp-block-image size-large is-style-default\"><a href=\"https:\/\/akcnejc.cz\/wp-content\/uploads\/2025\/12\/tempImagejGkLME.jpg\"><img loading=\"lazy\" decoding=\"async\" width=\"1024\" height=\"768\" data-id=\"163\" src=\"https:\/\/akcnejc.cz\/wp-content\/uploads\/2025\/12\/tempImagejGkLME-1024x768.jpg\" alt=\"\" class=\"wp-image-163\" srcset=\"https:\/\/akcnejc.cz\/wp-content\/uploads\/2025\/12\/tempImagejGkLME-1024x768.jpg 1024w, https:\/\/akcnejc.cz\/wp-content\/uploads\/2025\/12\/tempImagejGkLME-300x225.jpg 300w, https:\/\/akcnejc.cz\/wp-content\/uploads\/2025\/12\/tempImagejGkLME-768x576.jpg 768w, https:\/\/akcnejc.cz\/wp-content\/uploads\/2025\/12\/tempImagejGkLME-1536x1152.jpg 1536w, https:\/\/akcnejc.cz\/wp-content\/uploads\/2025\/12\/tempImagejGkLME.jpg 2000w\" sizes=\"auto, (max-width: 1024px) 100vw, 1024px\" \/><\/a><\/figure>\n\n\n\n<figure class=\"wp-block-image size-large\"><a href=\"https:\/\/akcnejc.cz\/wp-content\/uploads\/2025\/12\/IMG_4983.jpg\"><img loading=\"lazy\" decoding=\"async\" width=\"1024\" height=\"768\" data-id=\"164\" src=\"https:\/\/akcnejc.cz\/wp-content\/uploads\/2025\/12\/IMG_4983-1024x768.jpg\" alt=\"\" class=\"wp-image-164\" srcset=\"https:\/\/akcnejc.cz\/wp-content\/uploads\/2025\/12\/IMG_4983-1024x768.jpg 1024w, https:\/\/akcnejc.cz\/wp-content\/uploads\/2025\/12\/IMG_4983-300x225.jpg 300w, https:\/\/akcnejc.cz\/wp-content\/uploads\/2025\/12\/IMG_4983-768x576.jpg 768w, https:\/\/akcnejc.cz\/wp-content\/uploads\/2025\/12\/IMG_4983-1536x1152.jpg 1536w, https:\/\/akcnejc.cz\/wp-content\/uploads\/2025\/12\/IMG_4983.jpg 2000w\" sizes=\"auto, (max-width: 1024px) 100vw, 1024px\" \/><\/a><\/figure>\n\n\n\n<figure class=\"wp-block-image size-large\"><a href=\"https:\/\/akcnejc.cz\/wp-content\/uploads\/2025\/12\/IMG_6771.jpg\"><img loading=\"lazy\" decoding=\"async\" width=\"1024\" height=\"683\" data-id=\"162\" src=\"https:\/\/akcnejc.cz\/wp-content\/uploads\/2025\/12\/IMG_6771-1024x683.jpg\" alt=\"\" class=\"wp-image-162\" srcset=\"https:\/\/akcnejc.cz\/wp-content\/uploads\/2025\/12\/IMG_6771-1024x683.jpg 1024w, https:\/\/akcnejc.cz\/wp-content\/uploads\/2025\/12\/IMG_6771-300x200.jpg 300w, https:\/\/akcnejc.cz\/wp-content\/uploads\/2025\/12\/IMG_6771-768x512.jpg 768w, https:\/\/akcnejc.cz\/wp-content\/uploads\/2025\/12\/IMG_6771-1536x1024.jpg 1536w, https:\/\/akcnejc.cz\/wp-content\/uploads\/2025\/12\/IMG_6771.jpg 1920w\" sizes=\"auto, (max-width: 1024px) 100vw, 1024px\" \/><\/a><\/figure>\n<\/figure>\n\n\n\n<div style=\"height:39px\" aria-hidden=\"true\" class=\"wp-block-spacer\"><\/div>\n\n\n\n<main class=\"wp-block-group services has-global-padding is-layout-constrained wp-container-core-group-is-layout-4f9f0532 wp-block-group-is-layout-constrained\">\n<h1 class=\"wp-block-heading has-text-align-center\" style=\"margin-top:var(--wp--preset--spacing--20);margin-bottom:0;font-size:41px;font-style:normal;font-weight:600\">Kam d\u00e1le?<\/h1>\n\n\n\n<div class=\"wp-block-columns is-layout-flex wp-container-core-columns-is-layout-28f84493 wp-block-columns-is-layout-flex\">\n<div class=\"wp-block-column is-layout-flow wp-block-column-is-layout-flow\">\n<div class=\"wp-block-group ser-box wow zoomIn has-base-background-color has-background has-global-padding is-layout-constrained wp-container-core-group-is-layout-639b5052 wp-block-group-is-layout-constrained\" style=\"padding-top:0;padding-right:0;padding-bottom:0;padding-left:0\">\n<div class=\"wp-block-group ser-img-box has-global-padding is-layout-constrained wp-block-group-is-layout-constrained\">\n<figure class=\"wp-block-image alignwide size-full\"><img loading=\"lazy\" decoding=\"async\" width=\"1024\" height=\"1024\" src=\"https:\/\/akcnejc.cz\/wp-content\/uploads\/2025\/12\/ChatGPT-Image-6.-12.-2025-12_46_12.png\" alt=\"\" class=\"wp-image-292\" srcset=\"https:\/\/akcnejc.cz\/wp-content\/uploads\/2025\/12\/ChatGPT-Image-6.-12.-2025-12_46_12.png 1024w, https:\/\/akcnejc.cz\/wp-content\/uploads\/2025\/12\/ChatGPT-Image-6.-12.-2025-12_46_12-300x300.png 300w, https:\/\/akcnejc.cz\/wp-content\/uploads\/2025\/12\/ChatGPT-Image-6.-12.-2025-12_46_12-150x150.png 150w, https:\/\/akcnejc.cz\/wp-content\/uploads\/2025\/12\/ChatGPT-Image-6.-12.-2025-12_46_12-768x768.png 768w\" sizes=\"auto, (max-width: 1024px) 100vw, 1024px\" \/><\/figure>\n\n\n\n<div class=\"wp-block-group price-box has-vivid-red-background-color has-background is-layout-flow wp-block-group-is-layout-flow\" style=\"border-radius:30px;margin-top:0;margin-bottom:0;padding-top:var(--wp--preset--spacing--20);padding-right:var(--wp--preset--spacing--50);padding-bottom:var(--wp--preset--spacing--20);padding-left:var(--wp--preset--spacing--50)\">\n<p class=\"has-text-align-center has-white-color has-text-color has-link-color wp-elements-91e5a72bdbd1682481cfb3bf5d5545c2\" style=\"font-size:18px;font-style:normal;font-weight:500\"><a href=\"https:\/\/akcnejc.cz\/index.php\/online-prihlaska-ldt\/\">Vyplnit<\/a><\/p>\n<\/div>\n<\/div>\n\n\n\n<div class=\"wp-block-group is-layout-flow wp-block-group-is-layout-flow\" style=\"margin-top:0;margin-bottom:0;padding-top:var(--wp--preset--spacing--50);padding-right:var(--wp--preset--spacing--60);padding-bottom:var(--wp--preset--spacing--50);padding-left:var(--wp--preset--spacing--60)\">\n<h5 class=\"wp-block-heading has-heading-color has-text-color has-link-color wp-elements-815a642040b7f31bb5ce660c50957afa\" style=\"font-size:20px;font-style:normal;font-weight:600\">Online p\u0159ihl\u00e1\u0161ka<\/h5>\n<\/div>\n<\/div>\n<\/div>\n\n\n\n<div class=\"wp-block-column is-layout-flow wp-block-column-is-layout-flow\">\n<div class=\"wp-block-group ser-box wow zoomIn has-base-background-color has-background has-global-padding is-layout-constrained wp-container-core-group-is-layout-639b5052 wp-block-group-is-layout-constrained\" style=\"padding-top:0;padding-right:0;padding-bottom:0;padding-left:0\">\n<div class=\"wp-block-group ser-img-box has-global-padding is-layout-constrained wp-block-group-is-layout-constrained\">\n<figure class=\"wp-block-image alignwide size-full\"><img loading=\"lazy\" decoding=\"async\" width=\"1024\" height=\"1024\" src=\"https:\/\/akcnejc.cz\/wp-content\/uploads\/2025\/12\/ChatGPT-Image-6.-12.-2025-12_46_16.png\" alt=\"\" class=\"wp-image-291\" srcset=\"https:\/\/akcnejc.cz\/wp-content\/uploads\/2025\/12\/ChatGPT-Image-6.-12.-2025-12_46_16.png 1024w, https:\/\/akcnejc.cz\/wp-content\/uploads\/2025\/12\/ChatGPT-Image-6.-12.-2025-12_46_16-300x300.png 300w, https:\/\/akcnejc.cz\/wp-content\/uploads\/2025\/12\/ChatGPT-Image-6.-12.-2025-12_46_16-150x150.png 150w, https:\/\/akcnejc.cz\/wp-content\/uploads\/2025\/12\/ChatGPT-Image-6.-12.-2025-12_46_16-768x768.png 768w\" sizes=\"auto, (max-width: 1024px) 100vw, 1024px\" \/><\/figure>\n\n\n\n<div class=\"wp-block-group price-box has-vivid-red-background-color has-background is-layout-flow wp-block-group-is-layout-flow\" style=\"border-radius:30px;margin-top:0;margin-bottom:0;padding-top:var(--wp--preset--spacing--20);padding-right:var(--wp--preset--spacing--50);padding-bottom:var(--wp--preset--spacing--20);padding-left:var(--wp--preset--spacing--50)\">\n<p class=\"has-text-align-center has-white-color has-text-color has-link-color wp-elements-e04478d6e47bf1d3ba2f8f2a20a2730d\" style=\"font-size:18px;font-style:normal;font-weight:500\"><a href=\"https:\/\/akcnejc.cz\/index.php\/dokumenty-ldt\/\">Zobrazit<\/a><\/p>\n<\/div>\n<\/div>\n\n\n\n<div class=\"wp-block-group is-layout-flow wp-block-group-is-layout-flow\" style=\"margin-top:0;margin-bottom:0;padding-top:var(--wp--preset--spacing--50);padding-right:var(--wp--preset--spacing--60);padding-bottom:var(--wp--preset--spacing--50);padding-left:var(--wp--preset--spacing--60)\">\n<h5 class=\"wp-block-heading has-heading-color has-text-color has-link-color wp-elements-6d6d797255e322ad373929a66c97a6ce\" style=\"font-size:20px;font-style:normal;font-weight:600\">Dokumenty<\/h5>\n<\/div>\n<\/div>\n<\/div>\n\n\n\n<div class=\"wp-block-column is-layout-flow wp-block-column-is-layout-flow\">\n<div class=\"wp-block-group ser-box wow zoomIn has-base-background-color has-background has-global-padding is-layout-constrained wp-container-core-group-is-layout-639b5052 wp-block-group-is-layout-constrained\" style=\"padding-top:0;padding-right:0;padding-bottom:0;padding-left:0\">\n<div class=\"wp-block-group ser-img-box has-global-padding is-layout-constrained wp-block-group-is-layout-constrained\">\n<figure class=\"wp-block-image alignwide size-full\"><img loading=\"lazy\" decoding=\"async\" width=\"1024\" height=\"1024\" src=\"https:\/\/akcnejc.cz\/wp-content\/uploads\/2025\/12\/ChatGPT-Image-6.-12.-2025-12_46_46.png\" alt=\"\" class=\"wp-image-290\" srcset=\"https:\/\/akcnejc.cz\/wp-content\/uploads\/2025\/12\/ChatGPT-Image-6.-12.-2025-12_46_46.png 1024w, https:\/\/akcnejc.cz\/wp-content\/uploads\/2025\/12\/ChatGPT-Image-6.-12.-2025-12_46_46-300x300.png 300w, https:\/\/akcnejc.cz\/wp-content\/uploads\/2025\/12\/ChatGPT-Image-6.-12.-2025-12_46_46-150x150.png 150w, https:\/\/akcnejc.cz\/wp-content\/uploads\/2025\/12\/ChatGPT-Image-6.-12.-2025-12_46_46-768x768.png 768w\" sizes=\"auto, (max-width: 1024px) 100vw, 1024px\" \/><\/figure>\n\n\n\n<div class=\"wp-block-group price-box has-vivid-red-background-color has-background is-layout-flow wp-block-group-is-layout-flow\" style=\"border-radius:30px;margin-top:0;margin-bottom:0;padding-top:var(--wp--preset--spacing--20);padding-right:var(--wp--preset--spacing--50);padding-bottom:var(--wp--preset--spacing--20);padding-left:var(--wp--preset--spacing--50)\">\n<p class=\"has-text-align-center has-white-color has-text-color has-link-color wp-elements-d549d73ae0c713b3a727db8123bdd012\" style=\"font-size:18px;font-style:normal;font-weight:500\"><a href=\"https:\/\/akcnejc.cz\/index.php\/fotky-a-videa\/\">Pod\u00edvat se<\/a><\/p>\n<\/div>\n<\/div>\n\n\n\n<div class=\"wp-block-group is-layout-flow wp-block-group-is-layout-flow\" style=\"margin-top:0;margin-bottom:0;padding-top:var(--wp--preset--spacing--50);padding-right:var(--wp--preset--spacing--60);padding-bottom:var(--wp--preset--spacing--50);padding-left:var(--wp--preset--spacing--60)\">\n<h5 class=\"wp-block-heading has-heading-color has-text-color has-link-color wp-elements-03e211b658f71faa8b28add21eb76c18\" style=\"font-size:20px;font-style:normal;font-weight:600\">Fotky a videa<\/h5>\n<\/div>\n<\/div>\n<\/div>\n<\/div>\n\n\n\n<div style=\"height:38px\" aria-hidden=\"true\" class=\"wp-block-spacer\"><\/div>\n<\/main>\n\n\n\n<h2 class=\"wp-block-heading has-text-align-center\">Novinky<\/h2>\n\n\n\n<div style=\"height:37px\" aria-hidden=\"true\" class=\"wp-block-spacer\"><\/div>\n\n\n\n<p class=\"has-text-align-center\"><strong>Aktu\u00e1ln\u011b nem\u00e1me \u017e\u00e1dn\u00e1 voln\u00e1 m\u00edsta na t\u00e1bor.<\/strong><\/p>\n\n\n\n<hr class=\"wp-block-separator has-alpha-channel-opacity\"\/>\n\n\n\n<p class=\"has-text-align-center\">Od 1.1. 2026 p\u0159ij\u00edm\u00e1me p\u0159ihl\u00e1\u0161ky na dal\u0161\u00ed rok. <\/p>\n\n\n\n<figure class=\"wp-block-image aligncenter size-large is-resized\"><img loading=\"lazy\" decoding=\"async\" width=\"724\" height=\"1024\" src=\"https:\/\/akcnejc.cz\/wp-content\/uploads\/2026\/01\/Colorful-Illustration-Childrens-Summer-Camp-A4-724x1024.png\" alt=\"\" class=\"wp-image-1113\" style=\"width:476px;height:auto\" srcset=\"https:\/\/akcnejc.cz\/wp-content\/uploads\/2026\/01\/Colorful-Illustration-Childrens-Summer-Camp-A4-724x1024.png 724w, https:\/\/akcnejc.cz\/wp-content\/uploads\/2026\/01\/Colorful-Illustration-Childrens-Summer-Camp-A4-212x300.png 212w, https:\/\/akcnejc.cz\/wp-content\/uploads\/2026\/01\/Colorful-Illustration-Childrens-Summer-Camp-A4-768x1086.png 768w, https:\/\/akcnejc.cz\/wp-content\/uploads\/2026\/01\/Colorful-Illustration-Childrens-Summer-Camp-A4-1086x1536.png 1086w, https:\/\/akcnejc.cz\/wp-content\/uploads\/2026\/01\/Colorful-Illustration-Childrens-Summer-Camp-A4.png 1414w\" sizes=\"auto, (max-width: 724px) 100vw, 724px\" \/><\/figure>\n\n\n\n<hr class=\"wp-block-separator has-alpha-channel-opacity\"\/>\n\n\n\n<p class=\"has-text-align-center\">Pod\u00edvejte se na video z roku 2025<\/p>\n\n\n\n<figure class=\"wp-block-embed is-type-video is-provider-youtube wp-block-embed-youtube wp-embed-aspect-16-9 wp-has-aspect-ratio\"><div class=\"wp-block-embed__wrapper\">\n<iframe loading=\"lazy\" title=\"Letn\u00ed d\u011btsk\u00fd t\u00e1bor \u0160um\u00edk 2025\" width=\"500\" height=\"281\" src=\"https:\/\/www.youtube.com\/embed\/4SPCo3wCvxM?feature=oembed\" frameborder=\"0\" allow=\"accelerometer; autoplay; clipboard-write; encrypted-media; gyroscope; picture-in-picture; web-share\" referrerpolicy=\"strict-origin-when-cross-origin\" allowfullscreen><\/iframe>\n<\/div><\/figure>\n\n\n\n<div style=\"height:37px\" aria-hidden=\"true\" class=\"wp-block-spacer\"><\/div>\n\n\n\n<h2 class=\"wp-block-heading has-text-align-center\">Co o n\u00e1s \u0159\u00edkaj\u00ed rodi\u010de<\/h2>\n\n\n\n<div style=\"height:12px\" aria-hidden=\"true\" class=\"wp-block-spacer\"><\/div>\n\n\n\n<div class=\"wp-block-columns is-layout-flex wp-container-core-columns-is-layout-28f84493 wp-block-columns-is-layout-flex\">\n<div class=\"wp-block-column is-layout-flow wp-block-column-is-layout-flow\">\n<p>V\u00e1\u017een\u00fd t\u00fdme po\u0159adatel\u016f LDT, r\u00e1di bychom V\u00e1m touto cestou up\u0159\u00edmn\u011b pod\u011bkovali za skv\u011blou organizaci leto\u0161n\u00edho d\u011btsk\u00e9ho t\u00e1bora, pro na\u0161i dceru ,, poprv\u00e9,,. Na\u0161e dcera se vr\u00e1tila naprosto nad\u0161en\u00e1, pln\u00e1 z\u00e1\u017eitk\u016f, nov\u00fdch p\u0159\u00e1telstv\u00ed a kr\u00e1sn\u00fdch vzpom\u00ednek, na kter\u00e9 bude je\u0161t\u011b dlouho s radost\u00ed vzpom\u00ednat.<\/p>\n\n\n\n<p>Velice si v\u00e1\u017e\u00edme Va\u0161\u00ed pr\u00e1ce, kreativity a nasazen\u00ed, kter\u00e9 bylo zn\u00e1t ve v\u0161em \u2013 od promy\u0161len\u00e9ho programu, p\u0159es v\u00fdborn\u00e9 j\u00eddlo, a\u017e po celkovou atmosf\u00e9ru t\u00e1bora. Ka\u017ed\u00fd den byl pro d\u011bti napln\u011bn\u00fd z\u00e1bavou, dobrodru\u017estv\u00edm a sm\u00edchem. Dceru doslova nadchly nejen aktivity, ale i celkov\u00e9 prost\u0159ed\u00ed a p\u0159\u00edstup vedouc\u00edch \u2013 p\u0159\u00e1telsk\u00fd, vst\u0159\u00edcn\u00fd a z\u00e1rove\u0148 inspiruj\u00edc\u00ed.<\/p>\n\n\n\n<p>Obzvl\u00e1\u0161\u0165 bychom cht\u011bli ocenit n\u00e1paditost programu a snahu vytvo\u0159it skute\u010dn\u011b pestr\u00e9 a p\u0159\u00ednosn\u00e9 dny, kter\u00e9 d\u011bti nejen bavily, ale i rozv\u00edjely. D\u016fkazem toho je, \u017ee se dcera z t\u00e1bora vracela s jiskrou v o\u010d\u00edch, a o ka\u017ed\u00e9m dni nad\u0161en\u011b vypr\u00e1v\u011bla.<\/p>\n\n\n\n<p>A co je d\u016fle\u017eit\u00e9 dodat \u2013 opravdu nem\u00e1me v\u016fbec \u017e\u00e1dn\u00e9 v\u00fdtky. V\u0161e bylo perfektn\u011b zvl\u00e1dnut\u00e9, a to po v\u0161ech str\u00e1nk\u00e1ch. Smek\u00e1me p\u0159ed V\u00e1mi klobouk a d\u011bkujeme, \u017ee jste vytvo\u0159ili prost\u0159ed\u00ed, kde se d\u011bti c\u00edt\u00ed \u0161\u0165astn\u011b, bezpe\u010dn\u011b a svobodn\u011b.<\/p>\n\n\n\n<p>U\u017e te\u010f se dcera t\u011b\u0161\u00ed na p\u0159\u00ed\u0161t\u00ed ro\u010dn\u00edk \u2013 a my jako rodi\u010de tak\u00e9.<\/p>\n<\/div>\n\n\n\n<div class=\"wp-block-column is-layout-flow wp-block-column-is-layout-flow\">\n<p>Dobr\u00fd&nbsp; den, moc d\u011bkujeme za organizaci t\u00e1bora. Dcera Ka\u010dka byla na t\u00e1bo\u0159e poprv\u00e9, tak nad\u0161enou z n\u011bjak\u00e9 akce jsem ji dlouho nevid\u011bla :-).<\/p>\n\n\n\n<p>Nebylo nic, co by ji zklamalo nebo j\u00ed nebavilo. Hlavn\u011b chv\u00e1lila vedouc\u00ed a kolektiv d\u011bt\u00ed, kter\u00fd se se\u0161el. Chatky, j\u00eddlo, prost\u0159ed\u00ed&#8230;prost\u011b v\u0161e fajn.&nbsp;<\/p>\n\n\n\n<p>Nejv\u011bt\u0161\u00ed z\u00e1\u017eitek no\u010dn\u00ed dobrodru\u017estv\u00ed v lese. Musela p\u0159ekonat sama sebe, doma se boj\u00ed j\u00edt sama v noci i na z\u00e1chod.&nbsp;<\/p>\n\n\n\n<p>Tak\u017ee velk\u00fd d\u00edk v\u0161em, jste \u00fa\u017easn\u00ed a hlavn\u011b d\u011bkuji za velmi rozumnou v\u011bc a to je z\u00e1kaz mobil\u016f.<\/p>\n\n\n\n<p>Ka\u010dka u\u017e se pt\u00e1 na p\u0159\u00ed\u0161t\u00ed rok, tak jeden dotaz na V\u00e1s&#8230;..Bude p\u0159\u00ed\u0161t\u00ed rok t\u00e1bor zase a pop\u0159\u00edpad\u011b, kdy se p\u0159ibli\u017en\u011b v\u00ed term\u00edn atd?&nbsp;<\/p>\n<\/div>\n\n\n\n<div class=\"wp-block-column is-layout-flow wp-block-column-is-layout-flow\">\n<p>Dobr\u00fd den, r\u00e1da bych pod\u011bkovala za Va\u0161\u00ed v\u0161estrannou p\u00e9\u010di, kterou d\u011btem b\u011bhem cel\u00e9ho t\u00e1bora poskytujete..<\/p>\n\n\n\n<p>Honza, se&nbsp; Va\u0161eho t\u00e1bora \u00fa\u010dastnil tu\u0161\u00edm u\u017e po t\u0159et\u00ed ne &#8211; li po \u010dtvrt\u00e9 a poka\u017ed\u00e9 se vr\u00e1til pln\u00fd&nbsp; z\u00e1\u017eitk\u016f. Letos se k tomu p\u0159idal je\u0161t\u011b pocit neskute\u010dn\u00e9 legrace, \u010demu\u017e&nbsp; p\u0159isp\u011bl pobyt ve V\u00e1mi p\u0159ipraven\u00e9m stanu.&nbsp;<\/p>\n\n\n\n<p>Dle jeho slov je program p\u0159izb\u016fsoben v\u0161em v\u011bkov\u00fdm kategori\u00edm z\u00fa\u010dastn\u011bn\u00fdch t\u00e1born\u00edk\u016f, co\u017e velmi oce\u00f1uji, proto\u017ee jen tak, mohou b\u00fdt v\u0161ichni spokojeni a mohou si to u\u017e\u00edt naplno!&nbsp;<\/p>\n\n\n\n<p>Za n\u00e1s, mnohokr\u00e1t d\u011bkuji!&nbsp;<\/p>\n\n\n\n<p>P\u0159ijel naprosto spokojen\u00fd a pokud to p\u0159\u00ed\u0161t\u00ed rok bude je\u0161t\u011b mo\u017en\u00e9, pojede ur\u010dit\u011b znovu.&nbsp;<\/p>\n\n\n\n<p>Nebyla jedin\u00e1 v\u011bc, na kterou by si st\u011b\u017eoval,snad jen mo\u017en\u00e1 sp\u00e1nkov\u00fd deficit, kter\u00fd hned po p\u0159\u00edjezdu dohnal!&nbsp;<\/p>\n\n\n\n<p>P\u0159eji do dal\u0161\u00edch let mnoho \u00fasp\u011bch\u016f.&nbsp;<\/p>\n<\/div>\n<\/div>\n","protected":false},"excerpt":{"rendered":"<p>Praktick\u00e9 informace V p\u0159\u00edpad\u011b z\u00e1jmu o \u00fa\u010dast Va\u0161eho d\u00edt\u011bte na letn\u00edm d\u011btsk\u00e9m t\u00e1bo\u0159e vypl\u0148te online formul\u00e1\u0159 n\u00ed\u017ee. Jak se p\u0159ihl\u00e1sit Pro p\u0159ihl\u00e1\u0161en\u00ed vypl\u0148te online p\u0159ihl\u00e1\u0161ku v rozcestn\u00edku n\u00ed\u017ee. Kontakty T\u00e1borov\u00fd mail: ldtsumik@gmail.com Novinky Aktu\u00e1ln\u011b nem\u00e1me \u017e\u00e1dn\u00e1 voln\u00e1 m\u00edsta na t\u00e1bor. Od 1.1. 2026 p\u0159ij\u00edm\u00e1me p\u0159ihl\u00e1\u0161ky na dal\u0161\u00ed rok. Pod\u00edvejte se na video z roku 2025 [&hellip;]<\/p>\n","protected":false},"author":1,"featured_media":188,"parent":0,"menu_order":0,"comment_status":"closed","ping_status":"closed","template":"","meta":{"footnotes":""},"class_list":["post-103","page","type-page","status-publish","has-post-thumbnail","hentry"],"_links":{"self":[{"href":"https:\/\/akcnejc.cz\/index.php\/wp-json\/wp\/v2\/pages\/103","targetHints":{"allow":["GET"]}}],"collection":[{"href":"https:\/\/akcnejc.cz\/index.php\/wp-json\/wp\/v2\/pages"}],"about":[{"href":"https:\/\/akcnejc.cz\/index.php\/wp-json\/wp\/v2\/types\/page"}],"author":[{"embeddable":true,"href":"https:\/\/akcnejc.cz\/index.php\/wp-json\/wp\/v2\/users\/1"}],"replies":[{"embeddable":true,"href":"https:\/\/akcnejc.cz\/index.php\/wp-json\/wp\/v2\/comments?post=103"}],"version-history":[{"count":50,"href":"https:\/\/akcnejc.cz\/index.php\/wp-json\/wp\/v2\/pages\/103\/revisions"}],"predecessor-version":[{"id":1165,"href":"https:\/\/akcnejc.cz\/index.php\/wp-json\/wp\/v2\/pages\/103\/revisions\/1165"}],"wp:featuredmedia":[{"embeddable":true,"href":"https:\/\/akcnejc.cz\/index.php\/wp-json\/wp\/v2\/media\/188"}],"wp:attachment":[{"href":"https:\/\/akcnejc.cz\/index.php\/wp-json\/wp\/v2\/media?parent=103"}],"curies":[{"name":"wp","href":"https:\/\/api.w.org\/{rel}","templated":true}]}}